 3*-1. Suppose -3*r + m*z = -1247 - 317, 503 = r + 2*z. What are the prime factors of r?
3, 19
Suppose -6885 = 5*g - 3*r, g + 2*r = 5*g + 5510. Let t = g - -2362. Suppose 6*u - t = -238. What are the prime factors of u?
2, 31
Let z(q) = 7*q - 18. Let j be z(4). Let h = j - -48. Let s = 3 + h. List the prime factors of s.
61
Suppose 35454*n - 35484*n = -739080. List the prime factors of n.
2, 3, 2053
Suppose -16*n = -13*n - 132. Suppose 9*d - 1070 = -n. Suppose 111*u - d*u + 213 = 0. What are the prime factors of u?
71
Let d be 4 + (-78)/(-4)*-6. Let o = d + 279. Let f = o - 70. List the prime factors of f.
2, 3
Let w(i) = -777*i - 949. What are the prime factors of w(-31)?
2, 23, 503
Suppose 0 = -2*u + 4*r + 9 + 7, 4*u - 2*r = 8. Suppose 3*v + 1028 = 5*t, -t - v = -0*t - 204. List the prime factors of t + (-2)/6*u.
5, 41
Let t be -6*21/9*1. Let p = t - -25. Suppose -q + 3 + p = 0. List the prime factors of q.
2, 7
What are the prime factors of (270/(-225))/((-6)/1850)?
2, 5, 37
Suppose -t + 2*y = -5*t + 14, 3*t - 11 = -2*y. Suppose -r - 4*r + 520 = v, -t*v + 4*r = -1655. What are the prime factors of v?
5, 109
List the prime factors of ((-3)/(-9))/(94389/(-424791) - 8/(-36)).
15733
Let w be (13 - -67) + 2*-1. Suppose 3*h = -2*y - 0*h - w, -h = 2*y + 82. Let n = y - -70. List the prime factors of n.
2, 7
Suppose 0 = -251*v + 243*v + 325336. List the prime factors of v.
11, 3697
What are the prime factors of 13242*(-3 + 2 - (-80)/24)?
2, 7, 2207
Suppose -5*c - 5*i - 576 = -9*c, -2*c = -5*i - 288. Suppose -c = -t + 8. What are the prime factors of t?
2, 19
Suppose 0*a - 1 = -2*a - 3*x, -2*x - 16 = -2*a. Suppose 11 = 5*r + a*t - 364, 2*r - 165 = t. Suppose -3*b + r + 64 = 0. What are the prime factors of b?
2, 3
Suppose -g - 3*q = -521, -4*g - g + 2624 = -4*q. Let r = g - 518. What are the prime factors of r?
2, 3
Suppose k + 160 = -5*x, -3*k + k - 2*x = 296. Let w(r) = -4*r**2 - 7*r + 35. Let a be w(5). Let t = a - k. What are the prime factors of t?
3, 5
Suppose 0 = -7*f - 1370 - 14842. List the prime factors of (30/(-40))/(1/f).
3, 193
Let f(o) = 671*o + 124. What are the prime factors of f(4)?
2, 3, 13
List the prime factors of 1/14 + 1803177/322.
2, 5, 7
Let d = -3285 - -3456. What are the prime factors of d?
3, 19
Suppose 5*v - 5 = 0, -2*v = 3*w + w - 282. Let c = w + -68. Suppose 0 = -c*f + 5*d + 411, 4*f - 815 = 2*d + d. What are the prime factors of f?
7, 29
Let t(v) = -v**2 + 12*v + 6. Let o be t(10). Suppose -18*c + 5*c = -o. Suppose 52 = k - 4*d, -c*k - 4*d = d - 52. What are the prime factors of k?
2, 3
Suppose 0 = -4*z + 67 - 247. Let t = -40 - z. Suppose 94 = t*q - 3*q. List the prime factors of q.
47
Suppose -14*o + 444 = -10*o. Let r = -10 + o. Let g = r - 6. What are the prime factors of g?
5, 19
Let z(b) = -3*b**3 - 7*b**2 - 4*b + 9. Let g(a) = a**3 + a**2 + a + 1. Let w(q) = -4*g(q) - z(q). List the prime factors of w(-7).
3, 53
Let r be 0/(2/14 - (-150)/(-70)). Suppose r*y = -l - 3*y + 916, -5*l + 4632 = 2*y. List the prime factors of l.
2, 29
Suppose 16 = 6*u + 2*u. Suppose 0 = -i + 4*z + 809, -i - u*z + 780 + 23 = 0. Suppose i = 3*w - 5*n, -w - 2*n - 269 = -2*w. What are the prime factors of w?
5, 53
Let o be (-22)/165 + 424/30. Suppose -4*l + 2 + o = 2*v, -8 = -2*v. Suppose 17 = l*w - 3. What are the prime factors of w?
2, 5
Let k = 201 - 1. Let v = -88 + k. What are the prime factors of v?
2, 7
Suppose -i + 5*m + 26246 = 0, -2*m = -10*i + 11*i - 26253. What are the prime factors of i?
26251
Suppose -4*t + 2955 + 11581 = 0. List the prime factors of t.
2, 23, 79
Let m(v) = -290*v + 124. Let o be m(5). Let t = -19 - o. List the prime factors of t.
1307
Suppose -7*w + 5988 = -28730 - 14569. List the prime factors of w.
3, 2347
Suppose 12*b = -602 + 16958. Let z = b + 155. What are the prime factors of z?
2, 3, 11, 23
Let b(n) = n**3 + 12*n**2 - 48*n - 64. Let r be b(18). Let p(j) = -2*j + 3. Let f be p(7). List the prime factors of 2/f + r/77.
2, 3, 19
Suppose 61*d - 185700 = 93861 + 746337. What are the prime factors of d?
2, 3, 2803
Let t(f) = -f**2 - 13*f + 34. Suppose 4*y + 19 = 3*y + 2*i, 0 = -3*i + 9. List the prime factors of t(y).
2, 17
Suppose 4 = 2*l - s, 3*l + 3*s = -l + 18. Suppose -28*h - 7*h + 76*h - 205 = 0. Suppose -2*y + h*d + 325 = 0, l*y + 4*d + 69 = 614. List the prime factors of y.
5, 7
Suppose q + 3*q = 0. Let w be 4*(4 + -6 - q). List the prime factors of -3 - 610/(-8) - (-2)/w.
73
Let q(i) = 2*i**3 + 22*i**2 + 3*i - 16. Let v(s) = 20 + 4*s**3 - 48*s - 3*s**3 + 10*s**2 + 51*s. Let u be v(-10). List the prime factors of q(u).
2, 7, 11
Suppose -5*o - 4*h + 149716 = 0, -8*h = 2*o - 7*h - 59884. List the prime factors of o.
2, 3, 5, 499
Suppose -45*x - 15836 = -8*x. Let q = x + 1610. What are the prime factors of q?
2, 3, 197
Suppose -17*d = -15*d - 14. Let u = -49 - -35. List the prime factors of 3*d/(u/(-6)).
3
Suppose 25*z = 42*z - 32*z. What are the prime factors of z/(-2) + 679 + -12 + -7?
2, 3, 5, 11
Let d(z) = -z**2 - 18*z + 15. Let j = -25 - -51. Let u be j/(-5)*125/50. List the prime factors of d(u).
2, 5
Let q = -28641 + 42085. List the prime factors of q.
2, 3361
Suppose 1836743 = 167*l - 929 - 1003666. List the prime factors of l.
2, 47, 181
Suppose 4*o - 24990 = -2*m, 3*m - 31239 = -5*o - 0*o. What are the prime factors of o?
2, 3, 347
Let m(v) = -v - 10. Let g be m(-34). What are the prime factors of -4*1/(-3) + 11512/g?
13, 37
Suppose 3824 = 2*l + 14*l. Suppose -l = -7*i + 538. List the prime factors of i.
3, 37
Let g be -4 - (4 - (-2 + (-7)/(-1))). List the prime factors of g - (-5)/((-10)/(-736)).
5, 73
Let y(v) = 8*v - 9. Let a be y(5). Let s = a - 11. Suppose 0 = s*z - 18*z - 128. What are the prime factors of z?
2
Suppose -84*z - 5 = -89*z. List the prime factors of 1 - (z + 3) - -438.
3, 5, 29
Let o(i) = 283*i**2 + 125*i + 237. List the prime factors of o(-8).
3, 5783
Let n(w) = 68*w + 126. Let o be n(18). Suppose o = 5*d + c + 105, 0 = -3*c - 15. What are the prime factors of d?
2, 5
Suppose 7*d = 38 + 39. Suppose -14 - 8 = -d*l. Suppose -l*j + 232 = 6*j. What are the prime factors of j?
29
Let l(z) = z**2 + 9*z - 6. Let y be l(-9). Let n(h) = -2*h - 13. Let t be n(y). What are the prime factors of (233 - -3 - -2) + (1 - t)?
2, 3, 5
Let y(b) = -305*b - 1968. What are the prime factors of y(-18)?
2, 3, 587
Let h(m) be the third derivative of -m**6/36 - m**4/2 + 3*m**2. Let j(k) be the second derivative of h(k). What are the prime factors of j(-5)?
2, 5
Let z = 62 + -217. Let k = z - -310. Suppose k = 7*q - 300. What are the prime factors of q?
5, 13
Let f = 13412 - 10426. List the prime factors of f.
2, 1493
Let k = -6472 + 6751. What are the prime factors of k?
3, 31
Suppose -4*m = 3*v - 2534, 4*v - 12*m + 17*m = 3377. What are the prime factors of v?
2, 419
Let a(w) = w**2 - 10*w - 1. Let u be a(8). Let b = u - -13. Let h = 26 - b. List the prime factors of h.
2, 3, 5
Suppose -30*m - 30*m = -17*m - 836393. List the prime factors of m.
53, 367
Suppose -3*b + 5*b = 5*t + 480, -1246 = -5*b + t. Let s = b + -177. List the prime factors of s.
73
Let j = -59 - -61. Suppose g = -2*q + 318, -j*q + 149 = -q + 3*g. Let f = 317 - q. What are the prime factors of f?
2, 3, 13
Let f(z) = -18*z**3 + 7*z**2 - 16*z - 45. What are the prime factors of f(-6)?
3, 11, 127
Let l(x) = -2569*x - 8861. What are the prime factors of l(-9)?
2, 5, 23, 31
Let u = -67 - -67. Suppose u = -4*m - 315 + 2223. What are the prime factors of m?
3, 53
Let d(g) = 7*g**2 - 9*g - 47. Let p be d(13). Let x = p + -649. What are the prime factors of x?
2, 5, 37
Suppose -107*t + 864813 = 160*t. What are the prime factors of t?
41, 79
Suppose 0*u = x + 4*u - 6318, -3*u - 25120 = -4*x. List the prime factors of x.
2, 7, 449
Let y(w) = -w**2 + 11*w + 6. Let q(g) = -g**2 - 10*g + 2. Let i be q(-9). Let r be y(i). Suppose 228 + 108 = r*v. What are the prime factors of v?
2, 7
Suppose -5*o - 5*t + 174045 = 0, -118*t + 123*t + 34845 = o. List the prime factors of o.
3, 5, 11, 211
List the prime factors of -183611*1/(-14) + ((-1690)/140 - -12).
5, 43, 61
Suppose -2*x + 42114 - 14811 = 3*q, 0 = -5*x + 3*q + 68226. List the prime factors of x.
3, 4549
Suppose 4*g = 3*x - 184 - 6, -2*x = -2*g - 126. Suppose 59*b + 1371 = x*b. What are